 the greatest common divisor of 16172 and 584272.
52
Calculate the highest common factor of 3142184 and 1823428.
3004
What is the highest common factor of 5587857 and 2475?
99
What is the highest common factor of 8985108 and 4988?
172
What is the greatest common divisor of 549851969 and 194?
97
Calculate the greatest common factor of 4669 and 233711.
29
What is the greatest common divisor of 144102 and 49125058?
6862
What is the highest common factor of 2354455113 and 12778?
6389
Calculate the greatest common divisor of 545 and 2727289.
109
What is the greatest common divisor of 22 and 73597326?
22
Calculate the highest common factor of 25429 and 1566685.
431
What is the greatest common factor of 13 and 18500677?
13
Calculate the highest common divisor of 62424 and 25216984.
2312
What is the greatest common divisor of 60688 and 5840?
16
Calculate the greatest common divisor of 178055 and 11878280.
745
Calculate the greatest common divisor of 731907 and 297.
99
Calculate the highest common divisor of 1230586 and 51094.
866
What is the highest common divisor of 19511 and 4578?
109
What is the greatest common divisor of 46674 and 161766?
18
What is the highest common factor of 1077284 and 20358?
26
What is the highest common factor of 843024 and 202384?
1456
What is the highest common factor of 1364 and 30779342?
682
What is the highest common divisor of 279776 and 3500?
28
Calculate the highest common divisor of 5379801 and 987.
21
Calculate the greatest common factor of 1080 and 648256.
8
Calculate the greatest common divisor of 4 and 11256026.
2
What is the greatest common divisor of 3239 and 15591361?
79
Calculate the greatest common divisor of 294622965 and 2457.
819
What is the highest common factor of 27069 and 140448?
21
Calculate the highest common divisor of 72611 and 24012.
23
Calculate the greatest common divisor of 1612 and 31724284.
124
Calculate the highest common factor of 228 and 7446.
6
What is the greatest common factor of 70 and 4262090?
70
What is the greatest common divisor of 23346690 and 30?
30
Calculate the highest common divisor of 3448896 and 7744.
704
Calculate the greatest common factor of 80 and 465155.
5
What is the highest common divisor of 1257 and 2994593?
419
What is the greatest common factor of 25723753 and 22?
11
Calculate the greatest common divisor of 3906 and 577920.
42
What is the greatest common factor of 1623874 and 3094?
238
Calculate the greatest common factor of 168682 and 6555.
437
Calculate the highest common divisor of 7350 and 11740400.
2450
Calculate the highest common factor of 217951 and 1154815.
3253
What is the greatest common divisor of 36666 and 16206?
6
Calculate the greatest common factor of 140 and 26369210.
70
What is the highest common factor of 5440447 and 8?
1
What is the greatest common factor of 406 and 1172542?
14
What is the greatest common factor of 656594 and 28426?
466
Calculate the highest common divisor of 196 and 5034484.
28
What is the highest common factor of 264843855 and 1385?
1385
What is the greatest common divisor of 152701 and 199973?
311
Calculate the highest common factor of 14180 and 23151686.
1418
Calculate the highest common divisor of 10963 and 70109539.
577
Calculate the highest common divisor of 534 and 229810638.
534
Calculate the highest common factor of 9480988 and 8.
4
Calculate the highest common divisor of 15 and 7192390.
5
What is the highest common divisor of 191537346 and 33?
33
Calculate the highest common factor of 108 and 43714278.
18
Calculate the highest common divisor of 82186899 and 29.
29
Calculate the greatest common factor of 981242 and 41234.
106
What is the highest common factor of 1363 and 1513447?
47
Calculate the highest common divisor of 1257 and 1901346999.
1257
What is the greatest common divisor of 224472 and 26688?
24
Calculate the greatest common divisor of 1134666 and 18.
18
Calculate the greatest common factor of 8606196 and 15.
3
Calculate the highest common factor of 136 and 46284506.
34
What is the greatest common factor of 5217 and 6252128?
47
Calculate the greatest common divisor of 257 and 1609986009.
257
What is the highest common factor of 1244 and 673438156?
1244
What is the highest common divisor of 2168220 and 40?
20
What is the greatest common factor of 1491 and 5026854?
21
What is the highest common divisor of 22812704 and 430?
86
Calculate the greatest common divisor of 299235 and 4035.
15
Calculate the greatest common factor of 9350 and 18922530.
1870
What is the greatest common factor of 18424 and 67116?
1316
What is the greatest common divisor of 576 and 115002176?
64
What is the highest common divisor of 687748 and 6452?
4
Calculate the greatest common divisor of 6266158 and 2569.
367
Calculate the greatest common divisor of 103727 and 141804.
1313
Calculate the highest common divisor of 5655 and 11938680.
195
What is the greatest common factor of 114648 and 11753106?
1686
Calculate the highest common divisor of 130690 and 21261396.
3734
Calculate the highest common divisor of 108549 and 247149.
63
Calculate the highest common divisor of 1 and 7045405.
1
Calculate the greatest common divisor of 422772 and 97608.
588
Calculate the highest common factor of 256932 and 3974022.
2106
What is the greatest common factor of 15 and 160044735?
15
Calculate the highest common factor of 335623805 and 35.
5
What is the greatest common factor of 10199440 and 16?
16
Calculate the highest common divisor of 77088 and 46546698.
4818
What is the greatest common divisor of 1086680 and 14140?
140
Calculate the greatest common factor of 24 and 111333.
3
What is the greatest common divisor of 1161 and 44311887?
1161
What is the highest common divisor of 296280 and 24120?
360
What is the highest common divisor of 64197234 and 18?
18
Calculate the greatest common divisor of 1316 and 5128452.
1316
Calculate the highest common factor of 149116964 and 652.
652
Calculate the greatest common factor of 299371204 and 44.
44
What is the greatest common divisor of 31697 and 677063?
29
What is the highest common factor of 3168 and 24659118?
198
What is the highest common divisor of 26 and 723827?
13
Calculate the highest common factor of 6269727 and 93277.
2521
What is the greatest common divisor of 32 and 12094608?
16
Calculate the highest common factor of 18421 and 9055696.
169
Calculate the greatest common factor of 76287799 and 14.
7
What is the greatest common divisor of 4756 and 2225170?
58
What is the greatest common factor of 90023618 and 738?
82
Calculate the greatest common divisor of 4200 and 146986.
14
What is the greatest common divisor of 672 and 4015968?
96
Calculate the greatest common divisor of 37 and 1060264156.
37
Calculate the greatest common divisor of 965929 and 19654.
31
Calculate the highest common factor of 24354 and 969978.
246
What is the highest common divisor of 18791612 and 1148?
1148
Calculate the greatest common factor of 100 and 6830020.
20
Calculate the highest common divisor of 3382 and 2678366.
178
Calculate the greatest common divisor of 1957494 and 15387.
669
Calculate the greatest common factor of 406040 and 155.
5
Calculate the highest common divisor of 4013602 and 88717.
1123
Calculate the highest common divisor of 101 and 2932838.
101
Calculate the highest common factor of 8850 and 8342718.
354
What is the highest common factor of 81 and 35357859?
9
What is the greatest common divisor of 4 and 478270?
2
What is the highest common factor of 102 and 166347618?
102
What is the greatest common factor of 7737348 and 4572?
1524
What is the greatest common divisor of 1254 and 1696206?
114
What is the greatest common factor of 384 and 1478896?
16
Calculate the greatest common divisor of 378517 and 6141.
89
Calculate the highest common divisor of 243 and 73971.
9
What is the highest common factor of 31941140 and 16170?
5390
What is the greatest common factor of 233 and 33679218?
233
What is the highest common divisor of 12208 and 851944?
872
What is the greatest common factor of 3466166 and 847?
121
Calculate the highest common divisor of 231311442 and 12.
6
What is the greatest common factor of 48570 and 4950?
30
Calculate the highest common factor of 17478 and 3314646.
18
Calculate the greatest common 